{"id":7674,"date":"2024-11-26T10:26:53","date_gmt":"2024-11-26T10:26:53","guid":{"rendered":"https:\/\/gme.axemalab.com\/?page_id=7674"},"modified":"2025-05-15T13:14:04","modified_gmt":"2025-05-15T13:14:04","slug":"resi-e-rimborsi","status":"publish","type":"page","link":"https:\/\/gme.axemalab.com\/?page_id=7674","title":{"rendered":"Resi e Rimborsi"},"content":{"rendered":"\t\t<div data-elementor-type=\"wp-page\" data-elementor-id=\"7674\" class=\"elementor elementor-7674\">\n\t\t\t\t<div class=\"elementor-element elementor-element-72f75c53 e-flex e-con-boxed ecomus-responsive-column ecomus-tablet-column--default ecomus-responsive-column ecomus-mobile-column--default ecomus-responsive-column ecomus-motion--var(--position) wpr-particle-no wpr-jarallax-no wpr-parallax-no wpr-sticky-section-no e-con e-parent\" data-id=\"72f75c53\" data-element_type=\"container\" data-settings=\"{&quot;background_background&quot;:&quot;classic&quot;}\">\n\t\t\t\t\t<div class=\"e-con-inner\">\n\t\t\t\t<div class=\"elementor-element elementor-element-944b93b elementor-widget elementor-widget-ecomus-heading\" data-id=\"944b93b\" data-element_type=\"widget\" data-widget_type=\"ecomus-heading.default\">\n\t\t\t\t<div class=\"elementor-widget-container\">\n\t\t\t\t\t\t\t<div class=\"ecomus-heading-elementor\">\n\t\t\t\t<h3 class=\"ecomus-heading em-flex em-flex-align-center ecomus-heading--default\">\n\t\t\t\t\t\t\t\t\t\tResi e Rimborsi\t\t\t\t<\/h3>\n\t\t\t<\/div>\n\t\t\t\t\t\t<\/div>\n\t\t\t\t<\/div>\n\t\t\t\t\t<\/div>\n\t\t\t\t<\/div>\n\t\t<div class=\"elementor-element elementor-element-3c3c770 e-flex e-con-boxed ecomus-responsive-column ecomus-tablet-column--default ecomus-responsive-column ecomus-mobile-column--default ecomus-responsive-column ecomus-motion--var(--position) wpr-particle-no wpr-jarallax-no wpr-parallax-no wpr-sticky-section-no e-con e-parent\" data-id=\"3c3c770\" data-element_type=\"container\">\n\t\t\t\t\t<div class=\"e-con-inner\">\n\t\t\t\t<div class=\"elementor-element elementor-element-857b3d9 elementor-widget elementor-widget-text-editor\" data-id=\"857b3d9\" data-element_type=\"widget\" data-widget_type=\"text-editor.default\">\n\t\t\t\t<div class=\"elementor-widget-container\"><p>Procedure per i resi: Ai sensi degli art. 54 del D.Lgs n.21\/2014 per la tutela dei consumatori, che regola i contatti a distanza, il Cliente pu\u00f2 esercitare il diritto di recesso restituendo il bene ricevuto nel proprio originale imballaggio. Per esercitare il diritto di recesso \u00e8 necessario che il prodotto reso sia integro, perch\u00e9 in caso di ricezione di articoli danneggiati o manomessi non si provveder\u00e0 alla restituzione dell\u2019importo versato per l\u2019acquisto o alla sostituzione.<\/p>\n<p>La restituzione dovr\u00e0 avvenire a cura del cliente, attraverso la spedizione del prodotto oggetto di recesso, a mezzo corriere di propria scelta. I prodotti dovranno essere spediti,dopo espressa autorizzazione del fornitore, corredata da numero di reso, entro e non oltre quattordici giorni lavorativi a decorrere dalla data di consegna, al seguente indirizzo:<\/p>\n<p><strong>GME Distribuzione S.r.l.<\/strong><\/p>\n<p>Via Miliscola 378 \u2013 80078 Pozzuoli (NA)<\/p>\n<p>Valutata l\u2019integrit\u00e0 del prodotto provvederemo alla sostituzione se richiesta, o al rimborso della somma pagata al netto delle spese di spedizioni. Per ordini evasi senza costo di spedizione, al rimborso saranno detratte le spese di spedizioni pari a \u20ac7,50.<\/p>\n<p>Il rimborso avverr\u00e0 a mezzo bonifico bancario entro 14 giorni dal ricevimento del reso del prodotto.<\/p>\t\t\t\t\t\t\t\t<\/div>\n\t\t\t\t<\/div>\n\t\t\t\t\t<\/div>\n\t\t\t\t<\/div>\t\t<\/div>\n\t\t","protected":false},"excerpt":{"rendered":"<p>Resi e Rimborsi Procedure per i resi: Ai sensi degli art. 54 del D.Lgs n.21\/2014 per la tutela dei consumatori, che regola i contatti a distanza, il Cliente pu\u00f2 esercitare il diritto di recesso restituendo il bene ricevuto nel proprio originale imballaggio. Per esercitare il diritto di recesso \u00e8 necessario che il prodotto reso sia integro, perch\u00e9 in caso di ricezione di articoli danneggiati o manomessi non si provveder\u00e0 alla restituzione dell\u2019importo versato per l\u2019acquisto o alla sostituzione. La restituzione dovr\u00e0 avvenire a cura del cliente, attraverso la spedizione del prodotto oggetto di recesso, a mezzo corriere di propria scelta. I prodotti dovranno essere spediti,dopo espressa autorizzazione del fornitore, corredata da numero di reso, entro e non oltre quattordici giorni lavorativi a decorrere dalla data di consegna, al seguente indirizzo: GME Distribuzione S.r.l. Via Miliscola 378 \u2013 80078 Pozzuoli (NA) Valutata l\u2019integrit\u00e0 del prodotto provvederemo alla sostituzione se richiesta, o al rimborso della somma pagata al netto delle spese di spedizioni. Per ordini evasi senza costo di spedizione, al rimborso saranno detratte le spese di spedizioni pari a \u20ac7,50. Il rimborso avverr\u00e0 a mezzo bonifico bancario entro 14 giorni dal ricevimento del reso del prodotto.<\/p>\n","protected":false},"author":1,"featured_media":0,"parent":0,"menu_order":0,"comment_status":"closed","ping_status":"closed","template":"","meta":{"_joinchat":[],"footnotes":""},"class_list":["post-7674","page","type-page","status-publish","hentry"],"acf":[],"_links":{"self":[{"href":"https:\/\/gme.axemalab.com\/index.php?rest_route=\/wp\/v2\/pages\/7674","targetHints":{"allow":["GET"]}}],"collection":[{"href":"https:\/\/gme.axemalab.com\/index.php?rest_route=\/wp\/v2\/pages"}],"about":[{"href":"https:\/\/gme.axemalab.com\/index.php?rest_route=\/wp\/v2\/types\/page"}],"author":[{"embeddable":true,"href":"https:\/\/gme.axemalab.com\/index.php?rest_route=\/wp\/v2\/users\/1"}],"replies":[{"embeddable":true,"href":"https:\/\/gme.axemalab.com\/index.php?rest_route=%2Fwp%2Fv2%2Fcomments&post=7674"}],"version-history":[{"count":27,"href":"https:\/\/gme.axemalab.com\/index.php?rest_route=\/wp\/v2\/pages\/7674\/revisions"}],"predecessor-version":[{"id":36856,"href":"https:\/\/gme.axemalab.com\/index.php?rest_route=\/wp\/v2\/pages\/7674\/revisions\/36856"}],"wp:attachment":[{"href":"https:\/\/gme.axemalab.com\/index.php?rest_route=%2Fwp%2Fv2%2Fmedia&parent=7674"}],"curies":[{"name":"wp","href":"https:\/\/api.w.org\/{rel}","templated":true}]}}